 a factor of 309540?
True
Does 259 divide 103341?
True
Does 18 divide 3985408?
False
Does 16 divide 176653?
False
Is 33 a factor of 5830753?
False
Does 285 divide 439357?
False
Is 1442568 a multiple of 8?
True
Does 15 divide 356595?
True
Does 181 divide 292677?
True
Does 13 divide 99954?
False
Does 75 divide 1256550?
True
Is 104888 a multiple of 4?
True
Does 99 divide 6989895?
True
Is 16 a factor of 285312?
True
Does 61 divide 1366286?
False
Is 179912 a multiple of 43?
True
Is 382761 a multiple of 71?
True
Does 41 divide 362891?
True
Does 140 divide 480200?
True
Is 306 a factor of 99450?
True
Is 13 a factor of 246469?
False
Is 21008664 a multiple of 431?
True
Is 2149824 a multiple of 48?
True
Is 118 a factor of 1871059?
False
Is 60 a factor of 212566?
False
Is 29 a factor of 3826811?
True
Is 3 a factor of 12643?
False
Does 117 divide 498829?
False
Does 117 divide 38715?
False
Does 949 divide 2131534?
False
Is 22025 a multiple of 75?
False
Does 12 divide 915540?
True
Does 332 divide 198897?
False
Does 18 divide 2385088?
False
Does 4 divide 156928?
True
Is 286752 a multiple of 24?
True
Is 14569248 a multiple of 16?
True
Does 605 divide 1194875?
True
Is 152838 a multiple of 18?
True
Does 96 divide 13345632?
True
Does 16 divide 111152?
True
Is 362902 a multiple of 13?
False
Is 10 a factor of 45890?
True
Is 422 a factor of 236742?
True
Is 885738 a multiple of 319?
False
Is 429032 a multiple of 70?
False
Is 72 a factor of 1030634?
False
Does 338 divide 1466244?
True
Does 161 divide 19255440?
False
Does 33 divide 39673755?
True
Is 29 a factor of 587415?
False
Is 3243 a multiple of 65?
False
Is 1053 a factor of 3262194?
True
Is 109767 a multiple of 98?
False
Does 201 divide 990109?
False
Is 143940 a multiple of 12?
True
Does 5 divide 262720?
True
Does 235 divide 506111?
False
Is 8 a factor of 600165?
False
Is 13 a factor of 805298?
True
Is 14650 a multiple of 10?
True
Is 1294744 a multiple of 55?
False
Is 10237715 a multiple of 390?
False
Does 7 divide 1325814?
True
Does 39 divide 550650?
False
Is 24003 a multiple of 127?
True
Is 2 a factor of 572689?
False
Does 82 divide 704050?
False
Is 45652 a multiple of 202?
True
Is 255226 a multiple of 45?
False
Is 939418 a multiple of 44?
False
Is 2839536 a multiple of 324?
True
Is 2463920 a multiple of 80?
True
Is 148 a factor of 3051370?
False
Is 1451 a factor of 16620349?
False
Is 33321 a multiple of 29?
True
Is 151 a factor of 150547?
True
Does 53 divide 524382?
True
Is 4427280 a multiple of 645?
True
Is 129060 a multiple of 36?
True
Is 88 a factor of 126104?
True
Is 7 a factor of 2040822?
True
Is 33579 a multiple of 117?
True
Is 10 a factor of 1036320?
True
Does 61 divide 1204811?
True
Does 3 divide 694498?
False
Is 2435147 a multiple of 11?
True
Does 90 divide 101250?
True
Is 822 a factor of 17573538?
True
Does 4 divide 2285189?
False
Is 1543151 a multiple of 110?
False
Is 47 a factor of 941128?
True
Is 159 a factor of 290652?
True
Is 85 a factor of 60350?
True
Is 81 a factor of 12091?
False
Does 105 divide 1725012?
False
Does 106 divide 4082148?
False
Does 6 divide 1353618?
True
Is 27 a factor of 8968239?
True
Does 197 divide 1511975?
True
Is 30 a factor of 1403126?
False
Does 1330 divide 20947957?
False
Is 228 a factor of 225223?
False
Is 499 a factor of 809378?
True
Is 66932 a multiple of 116?
True
Is 11 a factor of 2070607?
True
Is 340 a factor of 141031?
False
Is 49 a factor of 853744?
False
Does 141 divide 969551?
False
Is 17556504 a multiple of 147?
True
Does 87 divide 18076338?
True
Is 839 a factor of 1328976?
True
Is 4 a factor of 11630?
False
Is 31 a factor of 185163?
True
Is 621 a factor of 5569949?
False
Is 5310900 a multiple of 1260?
True
Does 79 divide 580693?
False
Does 24 divide 473947?
False
Does 20 divide 2691600?
True
Is 11871887 a multiple of 23?
True
Is 41005 a multiple of 2?
False
Does 20 divide 33561?
False
Does 411 divide 19045329?
True
Is 14 a factor of 3781?
False
Is 9744094 a multiple of 562?
False
Is 893 a factor of 1906555?
True
Does 20 divide 1249465?
False
Is 23 a factor of 4020400?
True
Does 26 divide 971241?
False
Does 108 divide 152983?
False
Is 1314 a factor of 1997280?
True
Is 17 a factor of 142146?
False
Is 380 a factor of 2038600?
False
Is 22 a factor of 63338?
True
Is 118 a factor of 1209352?
False
Is 41 a factor of 809970?
False
Is 586179 a multiple of 191?
True
Is 894180 a multiple of 12?
True
Is 278973 a multiple of 137?
False
Is 10 a factor of 6319558?
False
Does 1075 divide 5859078?
False
Is 48880 a multiple of 40?
True
Does 604 divide 14355520?
False
Is 376323 a multiple of 8?
False
Is 152 a factor of 3203790?
False
Is 413 a factor of 346130?
False
Is 14 a factor of 61166?
True
Is 1633 a factor of 4640485?
False
Is 1115 a factor of 3238095?
False
Does 123 divide 235422?
True
Does 12 divide 3396118?
False
Does 12 divide 50556?
True
Is 203882 a multiple of 9?
False
Does 19 divide 2318267?
False
Does 51 divide 174557?
False
Does 17 divide 4688?
False
Is 390760 a multiple of 31?
False
Is 987235 a multiple of 194?
False
Is 68991 a multiple of 46?
False
Is 15 a factor of 22258826?
False
Is 49 a factor of 94556?
False
Is 142714 a multiple of 143?
True
Does 401 divide 656925?
False
Is 2 a factor of 80517?
False
Is 52030 a multiple of 22?
True
Does 845 divide 6557200?
True
Does 103 divide 1530271?
True
Does 744 divide 7332877?
False
Is 352413 even?
False
Is 574262 a multiple of 169?
True
Is 9 a factor of 289782?
True
Is 49351 a multiple of 17?
True
Is 11 a factor of 86337?
False
Is 757116 a multiple of 6?
True
Does 20 divide 5706876?
False
Is 118 a factor of 1376116?
True
Is 9 a factor of 146655?
True
Does 517 divide 53362?
False
Is 8 a factor of 198728?
True
Does 54 divide 17226?
True
Is 28 a factor of 817423?
False
Does 37 divide 55896?
False
Is 834 a factor of 3020370?
False
Does 19 divide 5742175?
False
Is 6648359 a multiple of 11?
False
Does 62 divide 791430?
True
Is 59 a factor of 218418?
True
Is 56 a factor of 153658?
False
Is 3295845 a multiple of 45?
True
Is 45225 a multiple of 9?
True
Does 7 divide 127246?
True
Is 12 a factor of 16073808?
True
Is 107894 a multiple of 37?
False
Is 132 a factor of 2805374?
False
Does 4 divide 5865876?
True
Is 24 a factor of 8467341?
False
Is 101 a factor of 283114?
False
Does 146 divide 1704112?
True
Is 49 a factor of 2567453?
True
Is 133215 a multiple of 5?
True
Is 964468 a multiple of 14?
False
Is 15 a factor of 496350?
True
Is 2622688 a multiple of 34?
False
Is 34 a factor of 1801082?
True
Does 54 divide 235773?
False
Does 66 divide 2755344?
False
Does 104 divide 118331?
False
Is 115 a factor of 241862?
False
Is 267 a factor of 138306?
True
Does 22 divide 1471?
False
Is 161620 a multiple of 18?
False
Does 19 divide 396001?
False
Is 115 a factor of 360755?
True
Does 109 divide 9780706?
False
Is 2 a factor of 130458?
True
Is 229797 a multiple of 27?
True
Is 6532651 a multiple of 17?
False
Does 25 divide 553506?
False
Does 6 divide 3426578?
False
Is 3898 even?
True
Does 5 divide 5636811?
False
Does 209 divide 515854?
False
Is 10 a factor of 44047?
False
Is 42 a factor of 27258?
True
Is 48323 a multiple of 23?
True
Is 47 a factor of 193172?
False
Is 380026 a multiple of 6?
False
Is 7 a factor of 10404926?
True
Is 14 a factor of 110964?
True
Does 12 divide 4463619?
False
Does 8 divide 3993365?
False
Is 33 a factor of 84907?
False
Is 14404929 a multiple of 244?
False
Is 9 a factor of 1881207?
True
Is 6868530 a multiple of 27?
True
Does 10 divide 24270?
True
Does 11 divide 2466862?
False
Is 40885 a multiple of 59?
False
Does 5 divide 124796?
False
Is 397704 a multiple of 8?
True
Is 38820 a multiple of 401?
False
Is 5255307 a multiple of 59?
True
Does 39 divide 1316274?
False
Is 10 a factor of 46840?
True
Is 1311 a factor of 6167874?
False
Is 138 a factor of 2606507?
False
Is 1515209 a multiple of 136?
False
Is 909 a factor of 9219860?
False
Does 83 divide 9027647?
False
Is 644096 a multiple of 136?
True
Is 2 a factor of 2146?
True
Does 239 divide 704376?
False
Is 60163 a multiple of 23?
False
Is 6152578 a multiple of 427?
False
Is 174 a factor of 445562?
False
Does 416 divide 7953088?
True
Does 89 divide 480435?
False
Is 98 a factor of 48632?
False
Is 51 a factor of 1781477?
False
Is 260 a factor of 4436667?
False
Is 243 a fact